{"id":14,"date":"2023-05-23T00:15:24","date_gmt":"2023-05-23T00:15:24","guid":{"rendered":"https:\/\/dagmamma.is\/sudurland\/?page_id=14"},"modified":"2023-05-25T21:54:17","modified_gmt":"2023-05-25T21:54:17","slug":"hafid-hugfast","status":"publish","type":"page","link":"https:\/\/dagmamma.is\/sudurland\/hafid-hugfast\/","title":{"rendered":"Hafi\u00f0 hugfast"},"content":{"rendered":"<ul>\n<li>A\u00f0 barn \u00fearfnast n\u00e1ins sambands vi\u00f0 nokkrar \u00e1kve\u00f0nar manneskjur.<\/li>\n<li>A\u00f0 barn \u00fearfnast \u00f6rvunar og j\u00e1kv\u00e6\u00f0rar athygli.<\/li>\n<li>A\u00f0 barn \u00fearfnast \u00f6ryggis og sk\u00fdrra skilabo\u00f0a.<\/li>\n<li>Barn sem er \u00f6ruggt me\u00f0 sj\u00e1lft sig og umhverfi sitt er \u00f3hr\u00e6tt vi\u00f0 a\u00f0 takast \u00e1 vi\u00f0 n\u00fdjungar. \u00deorir a\u00f0 kanna n\u00fdjar lei\u00f0ir \u00ed<\/li>\n<li>umhverfinu. Barni\u00f0 veit \u00fe\u00f3 \u00fev\u00ed mistakist f\u00e6r \u00fea\u00f0 huggun og hl\u00fdju og styrkingu til a\u00f0 pr\u00f3fa aftur.<\/li>\n<li>Leikur er vinna barnsins og n\u00e1m.<\/li>\n<li>\u00cd gegnum leikinn l\u00e6rir barni\u00f0 \u00e1 umhverfi sitt og sj\u00e1lft sig.<\/li>\n<li>Barn sem er \u00ed g\u00f3\u00f0u jafnv\u00e6gi og leikur s\u00e9r \u00f3\u00fereytt, af einbeitingu og gle\u00f0i, hefur m\u00f6guleika \u00e1 a\u00f0 m\u00e6ta verkefnum framt\u00ed\u00f0arinnar \u00e1 sama h\u00e1tt.<\/li>\n<li>G\u00f3\u00f0ur uppalandi \u00fearf a\u00f0 hafa \u00fathald, gefst ekki upp \u00fe\u00f3 a\u00f0 \u00e1 m\u00f3ti bl\u00e1si.<\/li>\n<li>G\u00f3\u00f0ur uppalandi notar ekki h\u00f3tanir \u00ed samskiptum vi\u00f0 barni\u00f0.<\/li>\n<li>G\u00f3\u00f0ur uppalandi st\u00f6\u00f0var \u00f3\u00e6skilega heg\u00f0un hj\u00e1 barni \u00feegar h\u00fan birtist \u00e1n \u00feess a\u00f0 ska\u00f0a sj\u00e1lfsmynd barnsins.<\/li>\n<li>G\u00f3\u00f0ur uppalandi notar sj\u00e1lfan sig sem agat\u00e6ki.<\/li>\n<li>G\u00f3\u00f0ur uppalandi veit a\u00f0 ef hann notar a\u00f0v\u00f6run einu sinni ver\u00f0ur hann a\u00f0 framfylgja henni.<\/li>\n<\/ul>\n<h3>Samvinna foreldra<\/h3>\n<ul>\n<li>Velfer\u00f0 barnsins er sameiginlegt \u00e1tak dagforeldris og foreldra.<\/li>\n<li>\u00dearfir barnsins skulu alltaf vera mi\u00f0punkturinn, \u00f3h\u00e1\u00f0 pers\u00f3nulegum sko\u00f0unum \u00fe\u00ednum \u00e1 barninu e\u00f0a foreldrum.<\/li>\n<li>Gagnkv\u00e6m vir\u00f0ing er nau\u00f0synleg til \u00feess a\u00f0 barni finni til \u00f6ryggis og vell\u00ed\u00f0unar me\u00f0 samskipti foreldra sinna og dagforedri.<\/li>\n<li>Samskiptalei\u00f0ir ver\u00f0a a\u00f0 vera opnar og f\u00e6rar \u00feannig a\u00f0 virkt uppl\u00fdsingafl\u00e6\u00f0i geti veri\u00f0 \u00e1 b\u00e1\u00f0a b\u00f3ga.<\/li>\n<\/ul>\n","protected":false},"excerpt":{"rendered":"<p>A\u00f0 barn \u00fearfnast n\u00e1ins sambands vi\u00f0 nokkrar \u00e1kve\u00f0nar manneskjur. A\u00f0 barn \u00fearfnast \u00f6rvunar og j\u00e1kv\u00e6\u00f0rar athygli. A\u00f0 barn \u00fearfnast \u00f6ryggis og sk\u00fdrra skilabo\u00f0a. Barn sem er \u00f6ruggt me\u00f0 sj\u00e1lft sig og umhverfi sitt er \u00f3hr\u00e6tt vi\u00f0 a\u00f0 takast \u00e1 vi\u00f0 n\u00fdjungar. \u00deorir a\u00f0 kanna n\u00fdjar lei\u00f0ir \u00ed umhverfinu. Barni\u00f0 veit \u00fe\u00f3 \u00fev\u00ed mistakist f\u00e6r \u00fea\u00f0&#8230;<\/p>\n","protected":false},"author":1,"featured_media":0,"parent":0,"menu_order":0,"comment_status":"closed","ping_status":"closed","template":"","meta":{"_kad_post_transparent":"","_kad_post_title":"","_kad_post_layout":"","_kad_post_sidebar_id":"","_kad_post_content_style":"","_kad_post_vertical_padding":"","_kad_post_feature":"","_kad_post_feature_position":"","_kad_post_header":false,"_kad_post_footer":false,"footnotes":""},"class_list":["post-14","page","type-page","status-publish","hentry"],"_links":{"self":[{"href":"https:\/\/dagmamma.is\/sudurland\/wp-json\/wp\/v2\/pages\/14","targetHints":{"allow":["GET"]}}],"collection":[{"href":"https:\/\/dagmamma.is\/sudurland\/wp-json\/wp\/v2\/pages"}],"about":[{"href":"https:\/\/dagmamma.is\/sudurland\/wp-json\/wp\/v2\/types\/page"}],"author":[{"embeddable":true,"href":"https:\/\/dagmamma.is\/sudurland\/wp-json\/wp\/v2\/users\/1"}],"replies":[{"embeddable":true,"href":"https:\/\/dagmamma.is\/sudurland\/wp-json\/wp\/v2\/comments?post=14"}],"version-history":[{"count":3,"href":"https:\/\/dagmamma.is\/sudurland\/wp-json\/wp\/v2\/pages\/14\/revisions"}],"predecessor-version":[{"id":63,"href":"https:\/\/dagmamma.is\/sudurland\/wp-json\/wp\/v2\/pages\/14\/revisions\/63"}],"wp:attachment":[{"href":"https:\/\/dagmamma.is\/sudurland\/wp-json\/wp\/v2\/media?parent=14"}],"curies":[{"name":"wp","href":"https:\/\/api.w.org\/{rel}","templated":true}]}}